{"version":"1.0","provider_name":"Cinema Politica","provider_url":"https:\/\/www.cinemapolitica.org\/fr\/","title":"Nouvelles de Cinema Politica Distribution - Cinema Politica","type":"rich","width":600,"height":338,"html":"<blockquote class=\"wp-embedded-content\" data-secret=\"xcLU0z2oDw\"><a href=\"https:\/\/www.cinemapolitica.org\/fr\/nouvelles-du-cinema-politica-distribution\/\">Nouvelles de Cinema Politica Distribution<\/a><\/blockquote><iframe sandbox=\"allow-scripts\" security=\"restricted\" src=\"https:\/\/www.cinemapolitica.org\/fr\/nouvelles-du-cinema-politica-distribution\/embed\/#?secret=xcLU0z2oDw\" width=\"600\" height=\"338\" title=\"&laquo; Nouvelles de Cinema Politica Distribution &raquo; &#8212; Cinema Politica\" data-secret=\"xcLU0z2oDw\" frameborder=\"0\" marginwidth=\"0\" marginheight=\"0\" scrolling=\"no\" class=\"wp-embedded-content\"><\/iframe><script>\n\/*! This file is auto-generated *\/\n!function(d,l){\"use strict\";l.querySelector&&d.addEventListener&&\"undefined\"!=typeof URL&&(d.wp=d.wp||{},d.wp.receiveEmbedMessage||(d.wp.receiveEmbedMessage=function(e){var t=e.data;if((t||t.secret||t.message||t.value)&&!\/[^a-zA-Z0-9]\/.test(t.secret)){for(var s,r,n,a=l.querySelectorAll('iframe[data-secret=\"'+t.secret+'\"]'),o=l.querySelectorAll('blockquote[data-secret=\"'+t.secret+'\"]'),c=new RegExp(\"^https?:$\",\"i\"),i=0;i<o.length;i++)o[i].style.display=\"none\";for(i=0;i<a.length;i++)s=a[i],e.source===s.contentWindow&&(s.removeAttribute(\"style\"),\"height\"===t.message?(1e3<(r=parseInt(t.value,10))?r=1e3:~~r<200&&(r=200),s.height=r):\"link\"===t.message&&(r=new URL(s.getAttribute(\"src\")),n=new URL(t.value),c.test(n.protocol))&&n.host===r.host&&l.activeElement===s&&(d.top.location.href=t.value))}},d.addEventListener(\"message\",d.wp.receiveEmbedMessage,!1),l.addEventListener(\"DOMContentLoaded\",function(){for(var e,t,s=l.querySelectorAll(\"iframe.wp-embedded-content\"),r=0;r<s.length;r++)(t=(e=s[r]).getAttribute(\"data-secret\"))||(t=Math.random().toString(36).substring(2,12),e.src+=\"#?secret=\"+t,e.setAttribute(\"data-secret\",t)),e.contentWindow.postMessage({message:\"ready\",secret:t},\"*\")},!1)))}(window,document);\n\/\/# sourceURL=https:\/\/www.cinemapolitica.org\/wp-includes\/js\/wp-embed.min.js\n<\/script>\n","thumbnail_url":"https:\/\/www.cinemapolitica.org\/wp-content\/uploads\/2023\/09\/GrannyPower_7.2.jpg","thumbnail_width":640,"thumbnail_height":385,"description":"Alors que l'\u00e9t\u00e9 touche \u00e0 sa fin, nous plongeons r\u00e9solument dans la saison automnale avec une liste compl\u00e8te de nouvelles sorties, de collections et de projections \u00e0 venir qui \u00e9tancheront votre soif de films novateurs et politiquement engag\u00e9s."}

Alors que l'été touche à sa fin, nous plongeons résolument dans la saison automnale avec une liste complète de nouvelles sorties, de collections et de projections à venir qui étancheront votre soif de films novateurs et politiquement engagés.
