{"id":14941,"date":"2021-01-07T10:19:50","date_gmt":"2021-01-07T15:19:50","guid":{"rendered":"http:\/\/dev.cinemapolitica.org\/film\/the-return\/"},"modified":"2025-06-02T15:21:09","modified_gmt":"2025-06-02T19:21:09","slug":"the-return","status":"publish","type":"film","link":"https:\/\/www.cinemapolitica.org\/fr\/film\/the-return\/","title":{"rendered":"The Return"},"content":{"rendered":"\n<p>Premiered at Dok Leipzig in 2016,&nbsp;<strong><a href=\"https:\/\/www.cinemapolitica.org\/fr\/film\/the-return\/\" target=\"_blank\" rel=\"noreferrer noopener\">THE RETURN<\/a><\/strong>&nbsp;is an independent film produced in Turkey by Armenian director Hale G\u00fczin K\u0131z\u0131laslan, reflecting on present-day Eastern Anatolia, or the Armenian Highlands\u2014a region where Christian Armenians had historically lived alongside Muslim Kurds. Through scenes from the everyday life of present-day occupants, K\u0131z\u0131laslan unravels the generational memory of the Armenian Genocide, remembered as the Medz Yeghern (\u201cGreat Catastrophe\u201d).<\/p>\n\n\n\n<p>Through expropriation, displacement and extermination, the Armenian population in this region of the Ottoman Empire&nbsp;<a href=\"https:\/\/www.nationalgeographic.com\/magazine\/2016\/04\/armenia-massacre-turkey-kurds-history\/\">dropped from around two million<\/a>&nbsp;to less than 500,000. Despite the ethnic cleansing committed against Armenians during the First World War, Turkey has refuted claims of genocide. The memory of Armenian settlements in present-day Eastern Anatolia has likewise been erased by the Turkish government, without even memorials or plaques to mark the memory of these atrocities.<\/p>\n\n\n\n<p>K\u0131z\u0131laslan\u2019s eye lingers over scenes of villages like Kahta, where old stone homes and bridges seamlessly meld into the mountainous region surrounding Mount Nemrut. Here, survivors persist, building their lives amid these landscapes of silence.<\/p>\n\n\n\n<p>THE RETURN is especially relevant in a moment of unfolding conflict in Nagorno-Karabakh, where Turkey has been implicated through its military alliance with Azerbaijan. As&nbsp;history comes full circle, land is shown to be the true backbone to community.<\/p>\n","protected":false},"featured_media":27947,"menu_order":0,"template":"","meta":{"_acf_changed":false,"_oasis_is_in_workflow":0,"_oasis_original":0,"ep_exclude_from_search":false,"footnotes":""},"languages":[2094,1471,1297],"countries":[939],"film_categories":[],"master_copies":[],"pricing_grid":[],"press_types":[2081],"class_list":["post-14941","film","type-film","status-publish","has-post-thumbnail","hentry","languages-anglais","languages-armenien","languages-turc","countries-tr-fr","press_types-review-fr-2"],"acf":[],"yoast_head":"<!-- This site is optimized with the Yoast SEO plugin v27.1.1 - https:\/\/yoast.com\/product\/yoast-seo-wordpress\/ -->\n<title>The Return - Cinema Politica<\/title>\n<meta name=\"description\" content=\"The Return is a scenic film about displacement and the generational memory of the Armenian Genocide in present-day Eastern Anatolia.\" \/>\n<meta name=\"robots\" content=\"index, follow, max-snippet:-1, max-image-preview:large, max-video-preview:-1\" \/>\n<link rel=\"canonical\" href=\"https:\/\/www.cinemapolitica.org\/fr\/film\/the-return\/\" \/>\n<meta property=\"og:locale\" content=\"fr_CA\" \/>\n<meta property=\"og:type\" content=\"article\" \/>\n<meta property=\"og:title\" content=\"The Return - Cinema Politica\" \/>\n<meta property=\"og:description\" content=\"The Return is a scenic film about displacement and the generational memory of the Armenian Genocide in present-day Eastern Anatolia.\" \/>\n<meta property=\"og:url\" content=\"https:\/\/www.cinemapolitica.org\/fr\/film\/the-return\/\" \/>\n<meta property=\"og:site_name\" content=\"Cinema Politica\" \/>\n<meta property=\"article:publisher\" content=\"https:\/\/www.facebook.com\/cinemapolitica\" \/>\n<meta property=\"article:modified_time\" content=\"2025-06-02T19:21:09+00:00\" \/>\n<meta property=\"og:image\" content=\"https:\/\/www.cinemapolitica.org\/wp-content\/uploads\/2021\/01\/14568_3.jpg\" \/>\n\t<meta property=\"og:image:width\" content=\"2400\" \/>\n\t<meta property=\"og:image:height\" content=\"1602\" \/>\n\t<meta property=\"og:image:type\" content=\"image\/jpeg\" \/>\n<meta name=\"twitter:card\" content=\"summary_large_image\" \/>\n<meta name=\"twitter:site\" content=\"@CinemaPolitica\" \/>\n<meta name=\"twitter:label1\" content=\"Estimation du temps de lecture\" \/>\n\t<meta name=\"twitter:data1\" content=\"1 minute\" \/>\n<script type=\"application\/ld+json\" class=\"yoast-schema-graph\">{\"@context\":\"https:\/\/schema.org\",\"@graph\":[{\"@type\":\"WebPage\",\"@id\":\"https:\/\/www.cinemapolitica.org\/fr\/film\/the-return\/\",\"url\":\"https:\/\/www.cinemapolitica.org\/fr\/film\/the-return\/\",\"name\":\"The Return - Cinema Politica\",\"isPartOf\":{\"@id\":\"https:\/\/www.cinemapolitica.org\/fr\/#website\"},\"primaryImageOfPage\":{\"@id\":\"https:\/\/www.cinemapolitica.org\/fr\/film\/the-return\/#primaryimage\"},\"image\":{\"@id\":\"https:\/\/www.cinemapolitica.org\/fr\/film\/the-return\/#primaryimage\"},\"thumbnailUrl\":\"https:\/\/www.cinemapolitica.org\/wp-content\/uploads\/2021\/01\/14568_3.jpg\",\"datePublished\":\"2021-01-07T15:19:50+00:00\",\"dateModified\":\"2025-06-02T19:21:09+00:00\",\"description\":\"The Return is a scenic film about displacement and the generational memory of the Armenian Genocide in present-day Eastern Anatolia.\",\"breadcrumb\":{\"@id\":\"https:\/\/www.cinemapolitica.org\/fr\/film\/the-return\/#breadcrumb\"},\"inLanguage\":\"fr-CA\",\"potentialAction\":[{\"@type\":\"ReadAction\",\"target\":[\"https:\/\/www.cinemapolitica.org\/fr\/film\/the-return\/\"]}]},{\"@type\":\"ImageObject\",\"inLanguage\":\"fr-CA\",\"@id\":\"https:\/\/www.cinemapolitica.org\/fr\/film\/the-return\/#primaryimage\",\"url\":\"https:\/\/www.cinemapolitica.org\/wp-content\/uploads\/2021\/01\/14568_3.jpg\",\"contentUrl\":\"https:\/\/www.cinemapolitica.org\/wp-content\/uploads\/2021\/01\/14568_3.jpg\",\"width\":2400,\"height\":1602},{\"@type\":\"BreadcrumbList\",\"@id\":\"https:\/\/www.cinemapolitica.org\/fr\/film\/the-return\/#breadcrumb\",\"itemListElement\":[{\"@type\":\"ListItem\",\"position\":1,\"name\":\"Home\",\"item\":\"https:\/\/www.cinemapolitica.org\/fr\/\"},{\"@type\":\"ListItem\",\"position\":2,\"name\":\"Films\",\"item\":\"https:\/\/www.cinemapolitica.org\/fr\/films\/\"},{\"@type\":\"ListItem\",\"position\":3,\"name\":\"The Return\"}]},{\"@type\":\"WebSite\",\"@id\":\"https:\/\/www.cinemapolitica.org\/fr\/#website\",\"url\":\"https:\/\/www.cinemapolitica.org\/fr\/\",\"name\":\"Cinema Politica\",\"description\":\"Screening Truth to Power\",\"publisher\":{\"@id\":\"https:\/\/www.cinemapolitica.org\/fr\/#organization\"},\"potentialAction\":[{\"@type\":\"SearchAction\",\"target\":{\"@type\":\"EntryPoint\",\"urlTemplate\":\"https:\/\/www.cinemapolitica.org\/fr\/?s={search_term_string}\"},\"query-input\":{\"@type\":\"PropertyValueSpecification\",\"valueRequired\":true,\"valueName\":\"search_term_string\"}}],\"inLanguage\":\"fr-CA\"},{\"@type\":\"Organization\",\"@id\":\"https:\/\/www.cinemapolitica.org\/fr\/#organization\",\"name\":\"Cinema Politica\",\"url\":\"https:\/\/www.cinemapolitica.org\/fr\/\",\"logo\":{\"@type\":\"ImageObject\",\"inLanguage\":\"fr-CA\",\"@id\":\"https:\/\/www.cinemapolitica.org\/fr\/#\/schema\/logo\/image\/\",\"url\":\"https:\/\/www.cinemapolitica.org\/wp-content\/uploads\/2021\/05\/cp_web_image.jpeg\",\"contentUrl\":\"https:\/\/www.cinemapolitica.org\/wp-content\/uploads\/2021\/05\/cp_web_image.jpeg\",\"width\":639,\"height\":385,\"caption\":\"Cinema Politica\"},\"image\":{\"@id\":\"https:\/\/www.cinemapolitica.org\/fr\/#\/schema\/logo\/image\/\"},\"sameAs\":[\"https:\/\/www.facebook.com\/cinemapolitica\",\"https:\/\/x.com\/CinemaPolitica\",\"https:\/\/www.instagram.com\/cinema.politica\/\",\"https:\/\/www.youtube.com\/user\/CinemaPolitica\"]}]}<\/script>\n<!-- \/ Yoast SEO plugin. -->","yoast_head_json":{"title":"The Return - Cinema Politica","description":"The Return is a scenic film about displacement and the generational memory of the Armenian Genocide in present-day Eastern Anatolia.","robots":{"index":"index","follow":"follow","max-snippet":"max-snippet:-1","max-image-preview":"max-image-preview:large","max-video-preview":"max-video-preview:-1"},"canonical":"https:\/\/www.cinemapolitica.org\/fr\/film\/the-return\/","og_locale":"fr_CA","og_type":"article","og_title":"The Return - Cinema Politica","og_description":"The Return is a scenic film about displacement and the generational memory of the Armenian Genocide in present-day Eastern Anatolia.","og_url":"https:\/\/www.cinemapolitica.org\/fr\/film\/the-return\/","og_site_name":"Cinema Politica","article_publisher":"https:\/\/www.facebook.com\/cinemapolitica","article_modified_time":"2025-06-02T19:21:09+00:00","og_image":[{"width":2400,"height":1602,"url":"https:\/\/www.cinemapolitica.org\/wp-content\/uploads\/2021\/01\/14568_3.jpg","type":"image\/jpeg"}],"twitter_card":"summary_large_image","twitter_site":"@CinemaPolitica","twitter_misc":{"Estimation du temps de lecture":"1 minute"},"schema":{"@context":"https:\/\/schema.org","@graph":[{"@type":"WebPage","@id":"https:\/\/www.cinemapolitica.org\/fr\/film\/the-return\/","url":"https:\/\/www.cinemapolitica.org\/fr\/film\/the-return\/","name":"The Return - Cinema Politica","isPartOf":{"@id":"https:\/\/www.cinemapolitica.org\/fr\/#website"},"primaryImageOfPage":{"@id":"https:\/\/www.cinemapolitica.org\/fr\/film\/the-return\/#primaryimage"},"image":{"@id":"https:\/\/www.cinemapolitica.org\/fr\/film\/the-return\/#primaryimage"},"thumbnailUrl":"https:\/\/www.cinemapolitica.org\/wp-content\/uploads\/2021\/01\/14568_3.jpg","datePublished":"2021-01-07T15:19:50+00:00","dateModified":"2025-06-02T19:21:09+00:00","description":"The Return is a scenic film about displacement and the generational memory of the Armenian Genocide in present-day Eastern Anatolia.","breadcrumb":{"@id":"https:\/\/www.cinemapolitica.org\/fr\/film\/the-return\/#breadcrumb"},"inLanguage":"fr-CA","potentialAction":[{"@type":"ReadAction","target":["https:\/\/www.cinemapolitica.org\/fr\/film\/the-return\/"]}]},{"@type":"ImageObject","inLanguage":"fr-CA","@id":"https:\/\/www.cinemapolitica.org\/fr\/film\/the-return\/#primaryimage","url":"https:\/\/www.cinemapolitica.org\/wp-content\/uploads\/2021\/01\/14568_3.jpg","contentUrl":"https:\/\/www.cinemapolitica.org\/wp-content\/uploads\/2021\/01\/14568_3.jpg","width":2400,"height":1602},{"@type":"BreadcrumbList","@id":"https:\/\/www.cinemapolitica.org\/fr\/film\/the-return\/#breadcrumb","itemListElement":[{"@type":"ListItem","position":1,"name":"Home","item":"https:\/\/www.cinemapolitica.org\/fr\/"},{"@type":"ListItem","position":2,"name":"Films","item":"https:\/\/www.cinemapolitica.org\/fr\/films\/"},{"@type":"ListItem","position":3,"name":"The Return"}]},{"@type":"WebSite","@id":"https:\/\/www.cinemapolitica.org\/fr\/#website","url":"https:\/\/www.cinemapolitica.org\/fr\/","name":"Cinema Politica","description":"Screening Truth to Power","publisher":{"@id":"https:\/\/www.cinemapolitica.org\/fr\/#organization"},"potentialAction":[{"@type":"SearchAction","target":{"@type":"EntryPoint","urlTemplate":"https:\/\/www.cinemapolitica.org\/fr\/?s={search_term_string}"},"query-input":{"@type":"PropertyValueSpecification","valueRequired":true,"valueName":"search_term_string"}}],"inLanguage":"fr-CA"},{"@type":"Organization","@id":"https:\/\/www.cinemapolitica.org\/fr\/#organization","name":"Cinema Politica","url":"https:\/\/www.cinemapolitica.org\/fr\/","logo":{"@type":"ImageObject","inLanguage":"fr-CA","@id":"https:\/\/www.cinemapolitica.org\/fr\/#\/schema\/logo\/image\/","url":"https:\/\/www.cinemapolitica.org\/wp-content\/uploads\/2021\/05\/cp_web_image.jpeg","contentUrl":"https:\/\/www.cinemapolitica.org\/wp-content\/uploads\/2021\/05\/cp_web_image.jpeg","width":639,"height":385,"caption":"Cinema Politica"},"image":{"@id":"https:\/\/www.cinemapolitica.org\/fr\/#\/schema\/logo\/image\/"},"sameAs":["https:\/\/www.facebook.com\/cinemapolitica","https:\/\/x.com\/CinemaPolitica","https:\/\/www.instagram.com\/cinema.politica\/","https:\/\/www.youtube.com\/user\/CinemaPolitica"]}]}},"_links":{"self":[{"href":"https:\/\/www.cinemapolitica.org\/fr\/wp-json\/wp\/v2\/film\/14941","targetHints":{"allow":["GET"]}}],"collection":[{"href":"https:\/\/www.cinemapolitica.org\/fr\/wp-json\/wp\/v2\/film"}],"about":[{"href":"https:\/\/www.cinemapolitica.org\/fr\/wp-json\/wp\/v2\/types\/film"}],"version-history":[{"count":3,"href":"https:\/\/www.cinemapolitica.org\/fr\/wp-json\/wp\/v2\/film\/14941\/revisions"}],"predecessor-version":[{"id":42176,"href":"https:\/\/www.cinemapolitica.org\/fr\/wp-json\/wp\/v2\/film\/14941\/revisions\/42176"}],"wp:featuredmedia":[{"embeddable":true,"href":"https:\/\/www.cinemapolitica.org\/fr\/wp-json\/wp\/v2\/media\/27947"}],"wp:attachment":[{"href":"https:\/\/www.cinemapolitica.org\/fr\/wp-json\/wp\/v2\/media?parent=14941"}],"wp:term":[{"taxonomy":"languages","embeddable":true,"href":"https:\/\/www.cinemapolitica.org\/fr\/wp-json\/wp\/v2\/languages?post=14941"},{"taxonomy":"countries","embeddable":true,"href":"https:\/\/www.cinemapolitica.org\/fr\/wp-json\/wp\/v2\/countries?post=14941"},{"taxonomy":"film_categories","embeddable":true,"href":"https:\/\/www.cinemapolitica.org\/fr\/wp-json\/wp\/v2\/film_categories?post=14941"},{"taxonomy":"master_copies","embeddable":true,"href":"https:\/\/www.cinemapolitica.org\/fr\/wp-json\/wp\/v2\/master_copies?post=14941"},{"taxonomy":"pricing_grid","embeddable":true,"href":"https:\/\/www.cinemapolitica.org\/fr\/wp-json\/wp\/v2\/pricing_grid?post=14941"},{"taxonomy":"press_types","embeddable":true,"href":"https:\/\/www.cinemapolitica.org\/fr\/wp-json\/wp\/v2\/press_types?post=14941"}],"curies":[{"name":"wp","href":"https:\/\/api.w.org\/{rel}","templated":true}]}}

<p>Premiered at Dok Leipzig in 2016,&nbsp;<strong><a href="https://www.cinemapolitica.org/fr/film/the-return/" target="_blank" rel="noreferrer noopener">THE RETURN</a></strong>&nbsp;is an independent film produced in Turkey by Armenian director Hale Güzin Kızılaslan, reflecting on present-day Eastern Anatolia, or the Armenian Highlands—a region where Christian Armenians had historically lived alongside Muslim Kurds. Through scenes from the everyday life of present-day occupants, Kızılaslan unravels the generational memory of the Armenian Genocide, remembered as the Medz Yeghern (“Great Catastrophe”).</p>



<p>Through expropriation, displacement and extermination, the Armenian population in this region of the Ottoman Empire&nbsp;<a href="https://www.nationalgeographic.com/magazine/2016/04/armenia-massacre-turkey-kurds-history/">dropped from around two million</a>&nbsp;to less than 500,000. Despite the ethnic cleansing committed against Armenians during the First World War, Turkey has refuted claims of genocide. The memory of Armenian settlements in present-day Eastern Anatolia has likewise been erased by the Turkish government, without even memorials or plaques to mark the memory of these atrocities.</p>



<p>Kızılaslan’s eye lingers over scenes of villages like Kahta, where old stone homes and bridges seamlessly meld into the mountainous region surrounding Mount Nemrut. Here, survivors persist, building their lives amid these landscapes of silence.</p>



<p>THE RETURN is especially relevant in a moment of unfolding conflict in Nagorno-Karabakh, where Turkey has been implicated through its military alliance with Azerbaijan. As&nbsp;history comes full circle, land is shown to be the true backbone to community.</p>
