{"id":36747,"date":"2022-10-08T17:55:37","date_gmt":"2022-10-08T21:55:37","guid":{"rendered":"https:\/\/www.cinemapolitica.org\/?post_type=film&#038;p=36747"},"modified":"2022-11-04T17:14:30","modified_gmt":"2022-11-04T21:14:30","slug":"primera","status":"publish","type":"film","link":"https:\/\/www.cinemapolitica.org\/fr\/film\/primera\/","title":{"rendered":"PRIMERA"},"content":{"rendered":"<p>PRIMERA retrace, sur une ann\u00e9e, le soul\u00e8vement social qui s&rsquo;est transform\u00e9 en un mouvement national, en commen\u00e7ant par la prise du m\u00e9tro de Santiago par les \u00e9tudiants et en terminant par le pl\u00e9biscite historique qui a ouvert la voie \u00e0 la r\u00e9daction d&rsquo;une nouvelle constitution. Ce film offre une vision immersive de ce processus d&rsquo;un an \u00e0 travers les exp\u00e9riences de Chiliens ordinaires qui ont \u00e9t\u00e9 touch\u00e9s par la violente r\u00e9pression polici\u00e8re au d\u00e9but du soul\u00e8vement social.<\/p>\n","protected":false},"featured_media":36745,"menu_order":0,"template":"","meta":{"_acf_changed":false,"_oasis_is_in_workflow":0,"_oasis_original":0,"ep_exclude_from_search":false,"footnotes":""},"languages":[],"countries":[745],"film_categories":[],"master_copies":[],"pricing_grid":[],"press_types":[],"class_list":["post-36747","film","type-film","status-publish","has-post-thumbnail","hentry","countries-cl-fr"],"acf":[],"yoast_head":"<!-- This site is optimized with the Yoast SEO plugin v27.1.1 - https:\/\/yoast.com\/product\/yoast-seo-wordpress\/ -->\n<title>PRIMERA - Cinema Politica<\/title>\n<meta name=\"robots\" content=\"index, follow, max-snippet:-1, max-image-preview:large, max-video-preview:-1\" \/>\n<link rel=\"canonical\" href=\"https:\/\/www.cinemapolitica.org\/fr\/film\/primera\/\" \/>\n<meta property=\"og:locale\" content=\"fr_CA\" \/>\n<meta property=\"og:type\" content=\"article\" \/>\n<meta property=\"og:title\" content=\"PRIMERA - Cinema Politica\" \/>\n<meta property=\"og:description\" content=\"PRIMERA retrace, sur une ann\u00e9e, le soul\u00e8vement social qui s&rsquo;est transform\u00e9 en un mouvement national, en commen\u00e7ant par la prise du m\u00e9tro de Santiago par les \u00e9tudiants et en terminant par le pl\u00e9biscite historique qui a ouvert la voie \u00e0 la r\u00e9daction d&rsquo;une nouvelle constitution. Ce film offre une vision immersive de ce processus d&rsquo;un [&hellip;]\" \/>\n<meta property=\"og:url\" content=\"https:\/\/www.cinemapolitica.org\/fr\/film\/primera\/\" \/>\n<meta property=\"og:site_name\" content=\"Cinema Politica\" \/>\n<meta property=\"article:publisher\" content=\"https:\/\/www.facebook.com\/cinemapolitica\" \/>\n<meta property=\"article:modified_time\" content=\"2022-11-04T21:14:30+00:00\" \/>\n<meta property=\"og:image\" content=\"https:\/\/www.cinemapolitica.org\/wp-content\/uploads\/2022\/10\/PRIMERAHIGHRESSTILL_15-768x432.png\" \/>\n\t<meta property=\"og:image:width\" content=\"768\" \/>\n\t<meta property=\"og:image:height\" content=\"432\" \/>\n\t<meta property=\"og:image:type\" content=\"image\/png\" \/>\n<meta name=\"twitter:card\" content=\"summary_large_image\" \/>\n<meta name=\"twitter:site\" content=\"@CinemaPolitica\" \/>\n<script type=\"application\/ld+json\" class=\"yoast-schema-graph\">{\"@context\":\"https:\/\/schema.org\",\"@graph\":[{\"@type\":\"WebPage\",\"@id\":\"https:\/\/www.cinemapolitica.org\/fr\/film\/primera\/\",\"url\":\"https:\/\/www.cinemapolitica.org\/fr\/film\/primera\/\",\"name\":\"PRIMERA - Cinema Politica\",\"isPartOf\":{\"@id\":\"https:\/\/www.cinemapolitica.org\/fr\/#website\"},\"primaryImageOfPage\":{\"@id\":\"https:\/\/www.cinemapolitica.org\/fr\/film\/primera\/#primaryimage\"},\"image\":{\"@id\":\"https:\/\/www.cinemapolitica.org\/fr\/film\/primera\/#primaryimage\"},\"thumbnailUrl\":\"https:\/\/www.cinemapolitica.org\/wp-content\/uploads\/2022\/10\/PRIMERAHIGHRESSTILL_15.png\",\"datePublished\":\"2022-10-08T21:55:37+00:00\",\"dateModified\":\"2022-11-04T21:14:30+00:00\",\"breadcrumb\":{\"@id\":\"https:\/\/www.cinemapolitica.org\/fr\/film\/primera\/#breadcrumb\"},\"inLanguage\":\"fr-CA\",\"potentialAction\":[{\"@type\":\"ReadAction\",\"target\":[\"https:\/\/www.cinemapolitica.org\/fr\/film\/primera\/\"]}]},{\"@type\":\"ImageObject\",\"inLanguage\":\"fr-CA\",\"@id\":\"https:\/\/www.cinemapolitica.org\/fr\/film\/primera\/#primaryimage\",\"url\":\"https:\/\/www.cinemapolitica.org\/wp-content\/uploads\/2022\/10\/PRIMERAHIGHRESSTILL_15.png\",\"contentUrl\":\"https:\/\/www.cinemapolitica.org\/wp-content\/uploads\/2022\/10\/PRIMERAHIGHRESSTILL_15.png\",\"width\":1500,\"height\":844},{\"@type\":\"BreadcrumbList\",\"@id\":\"https:\/\/www.cinemapolitica.org\/fr\/film\/primera\/#breadcrumb\",\"itemListElement\":[{\"@type\":\"ListItem\",\"position\":1,\"name\":\"Home\",\"item\":\"https:\/\/www.cinemapolitica.org\/fr\/\"},{\"@type\":\"ListItem\",\"position\":2,\"name\":\"Films\",\"item\":\"https:\/\/www.cinemapolitica.org\/fr\/films\/\"},{\"@type\":\"ListItem\",\"position\":3,\"name\":\"PRIMERA\"}]},{\"@type\":\"WebSite\",\"@id\":\"https:\/\/www.cinemapolitica.org\/fr\/#website\",\"url\":\"https:\/\/www.cinemapolitica.org\/fr\/\",\"name\":\"Cinema Politica\",\"description\":\"Screening Truth to Power\",\"publisher\":{\"@id\":\"https:\/\/www.cinemapolitica.org\/fr\/#organization\"},\"potentialAction\":[{\"@type\":\"SearchAction\",\"target\":{\"@type\":\"EntryPoint\",\"urlTemplate\":\"https:\/\/www.cinemapolitica.org\/fr\/?s={search_term_string}\"},\"query-input\":{\"@type\":\"PropertyValueSpecification\",\"valueRequired\":true,\"valueName\":\"search_term_string\"}}],\"inLanguage\":\"fr-CA\"},{\"@type\":\"Organization\",\"@id\":\"https:\/\/www.cinemapolitica.org\/fr\/#organization\",\"name\":\"Cinema Politica\",\"url\":\"https:\/\/www.cinemapolitica.org\/fr\/\",\"logo\":{\"@type\":\"ImageObject\",\"inLanguage\":\"fr-CA\",\"@id\":\"https:\/\/www.cinemapolitica.org\/fr\/#\/schema\/logo\/image\/\",\"url\":\"https:\/\/www.cinemapolitica.org\/wp-content\/uploads\/2021\/05\/cp_web_image.jpeg\",\"contentUrl\":\"https:\/\/www.cinemapolitica.org\/wp-content\/uploads\/2021\/05\/cp_web_image.jpeg\",\"width\":639,\"height\":385,\"caption\":\"Cinema Politica\"},\"image\":{\"@id\":\"https:\/\/www.cinemapolitica.org\/fr\/#\/schema\/logo\/image\/\"},\"sameAs\":[\"https:\/\/www.facebook.com\/cinemapolitica\",\"https:\/\/x.com\/CinemaPolitica\",\"https:\/\/www.instagram.com\/cinema.politica\/\",\"https:\/\/www.youtube.com\/user\/CinemaPolitica\"]}]}<\/script>\n<!-- \/ Yoast SEO plugin. -->","yoast_head_json":{"title":"PRIMERA - Cinema Politica","robots":{"index":"index","follow":"follow","max-snippet":"max-snippet:-1","max-image-preview":"max-image-preview:large","max-video-preview":"max-video-preview:-1"},"canonical":"https:\/\/www.cinemapolitica.org\/fr\/film\/primera\/","og_locale":"fr_CA","og_type":"article","og_title":"PRIMERA - Cinema Politica","og_description":"PRIMERA retrace, sur une ann\u00e9e, le soul\u00e8vement social qui s&rsquo;est transform\u00e9 en un mouvement national, en commen\u00e7ant par la prise du m\u00e9tro de Santiago par les \u00e9tudiants et en terminant par le pl\u00e9biscite historique qui a ouvert la voie \u00e0 la r\u00e9daction d&rsquo;une nouvelle constitution. Ce film offre une vision immersive de ce processus d&rsquo;un [&hellip;]","og_url":"https:\/\/www.cinemapolitica.org\/fr\/film\/primera\/","og_site_name":"Cinema Politica","article_publisher":"https:\/\/www.facebook.com\/cinemapolitica","article_modified_time":"2022-11-04T21:14:30+00:00","og_image":[{"width":768,"height":432,"url":"https:\/\/www.cinemapolitica.org\/wp-content\/uploads\/2022\/10\/PRIMERAHIGHRESSTILL_15-768x432.png","type":"image\/png"}],"twitter_card":"summary_large_image","twitter_site":"@CinemaPolitica","schema":{"@context":"https:\/\/schema.org","@graph":[{"@type":"WebPage","@id":"https:\/\/www.cinemapolitica.org\/fr\/film\/primera\/","url":"https:\/\/www.cinemapolitica.org\/fr\/film\/primera\/","name":"PRIMERA - Cinema Politica","isPartOf":{"@id":"https:\/\/www.cinemapolitica.org\/fr\/#website"},"primaryImageOfPage":{"@id":"https:\/\/www.cinemapolitica.org\/fr\/film\/primera\/#primaryimage"},"image":{"@id":"https:\/\/www.cinemapolitica.org\/fr\/film\/primera\/#primaryimage"},"thumbnailUrl":"https:\/\/www.cinemapolitica.org\/wp-content\/uploads\/2022\/10\/PRIMERAHIGHRESSTILL_15.png","datePublished":"2022-10-08T21:55:37+00:00","dateModified":"2022-11-04T21:14:30+00:00","breadcrumb":{"@id":"https:\/\/www.cinemapolitica.org\/fr\/film\/primera\/#breadcrumb"},"inLanguage":"fr-CA","potentialAction":[{"@type":"ReadAction","target":["https:\/\/www.cinemapolitica.org\/fr\/film\/primera\/"]}]},{"@type":"ImageObject","inLanguage":"fr-CA","@id":"https:\/\/www.cinemapolitica.org\/fr\/film\/primera\/#primaryimage","url":"https:\/\/www.cinemapolitica.org\/wp-content\/uploads\/2022\/10\/PRIMERAHIGHRESSTILL_15.png","contentUrl":"https:\/\/www.cinemapolitica.org\/wp-content\/uploads\/2022\/10\/PRIMERAHIGHRESSTILL_15.png","width":1500,"height":844},{"@type":"BreadcrumbList","@id":"https:\/\/www.cinemapolitica.org\/fr\/film\/primera\/#breadcrumb","itemListElement":[{"@type":"ListItem","position":1,"name":"Home","item":"https:\/\/www.cinemapolitica.org\/fr\/"},{"@type":"ListItem","position":2,"name":"Films","item":"https:\/\/www.cinemapolitica.org\/fr\/films\/"},{"@type":"ListItem","position":3,"name":"PRIMERA"}]},{"@type":"WebSite","@id":"https:\/\/www.cinemapolitica.org\/fr\/#website","url":"https:\/\/www.cinemapolitica.org\/fr\/","name":"Cinema Politica","description":"Screening Truth to Power","publisher":{"@id":"https:\/\/www.cinemapolitica.org\/fr\/#organization"},"potentialAction":[{"@type":"SearchAction","target":{"@type":"EntryPoint","urlTemplate":"https:\/\/www.cinemapolitica.org\/fr\/?s={search_term_string}"},"query-input":{"@type":"PropertyValueSpecification","valueRequired":true,"valueName":"search_term_string"}}],"inLanguage":"fr-CA"},{"@type":"Organization","@id":"https:\/\/www.cinemapolitica.org\/fr\/#organization","name":"Cinema Politica","url":"https:\/\/www.cinemapolitica.org\/fr\/","logo":{"@type":"ImageObject","inLanguage":"fr-CA","@id":"https:\/\/www.cinemapolitica.org\/fr\/#\/schema\/logo\/image\/","url":"https:\/\/www.cinemapolitica.org\/wp-content\/uploads\/2021\/05\/cp_web_image.jpeg","contentUrl":"https:\/\/www.cinemapolitica.org\/wp-content\/uploads\/2021\/05\/cp_web_image.jpeg","width":639,"height":385,"caption":"Cinema Politica"},"image":{"@id":"https:\/\/www.cinemapolitica.org\/fr\/#\/schema\/logo\/image\/"},"sameAs":["https:\/\/www.facebook.com\/cinemapolitica","https:\/\/x.com\/CinemaPolitica","https:\/\/www.instagram.com\/cinema.politica\/","https:\/\/www.youtube.com\/user\/CinemaPolitica"]}]}},"_links":{"self":[{"href":"https:\/\/www.cinemapolitica.org\/fr\/wp-json\/wp\/v2\/film\/36747","targetHints":{"allow":["GET"]}}],"collection":[{"href":"https:\/\/www.cinemapolitica.org\/fr\/wp-json\/wp\/v2\/film"}],"about":[{"href":"https:\/\/www.cinemapolitica.org\/fr\/wp-json\/wp\/v2\/types\/film"}],"version-history":[{"count":3,"href":"https:\/\/www.cinemapolitica.org\/fr\/wp-json\/wp\/v2\/film\/36747\/revisions"}],"predecessor-version":[{"id":37154,"href":"https:\/\/www.cinemapolitica.org\/fr\/wp-json\/wp\/v2\/film\/36747\/revisions\/37154"}],"wp:featuredmedia":[{"embeddable":true,"href":"https:\/\/www.cinemapolitica.org\/fr\/wp-json\/wp\/v2\/media\/36745"}],"wp:attachment":[{"href":"https:\/\/www.cinemapolitica.org\/fr\/wp-json\/wp\/v2\/media?parent=36747"}],"wp:term":[{"taxonomy":"languages","embeddable":true,"href":"https:\/\/www.cinemapolitica.org\/fr\/wp-json\/wp\/v2\/languages?post=36747"},{"taxonomy":"countries","embeddable":true,"href":"https:\/\/www.cinemapolitica.org\/fr\/wp-json\/wp\/v2\/countries?post=36747"},{"taxonomy":"film_categories","embeddable":true,"href":"https:\/\/www.cinemapolitica.org\/fr\/wp-json\/wp\/v2\/film_categories?post=36747"},{"taxonomy":"master_copies","embeddable":true,"href":"https:\/\/www.cinemapolitica.org\/fr\/wp-json\/wp\/v2\/master_copies?post=36747"},{"taxonomy":"pricing_grid","embeddable":true,"href":"https:\/\/www.cinemapolitica.org\/fr\/wp-json\/wp\/v2\/pricing_grid?post=36747"},{"taxonomy":"press_types","embeddable":true,"href":"https:\/\/www.cinemapolitica.org\/fr\/wp-json\/wp\/v2\/press_types?post=36747"}],"curies":[{"name":"wp","href":"https:\/\/api.w.org\/{rel}","templated":true}]}}

<p>PRIMERA retrace, sur une année, le soulèvement social qui s&rsquo;est transformé en un mouvement national, en commençant par la prise du métro de Santiago par les étudiants et en terminant par le plébiscite historique qui a ouvert la voie à la rédaction d&rsquo;une nouvelle constitution. Ce film offre une vision immersive de ce processus d&rsquo;un an à travers les expériences de Chiliens ordinaires qui ont été touchés par la violente répression policière au début du soulèvement social.</p>

<!-- This site is optimized with the Yoast SEO plugin v27.1.1 - https://yoast.com/product/yoast-seo-wordpress/ -->
<title>PRIMERA - Cinema Politica</title>
<meta name="robots" content="index, follow, max-snippet:-1, max-image-preview:large, max-video-preview:-1" />
<link rel="canonical" href="https://www.cinemapolitica.org/fr/film/primera/" />
<meta property="og:locale" content="fr_CA" />
<meta property="og:type" content="article" />
<meta property="og:title" content="PRIMERA - Cinema Politica" />
<meta property="og:description" content="PRIMERA retrace, sur une année, le soulèvement social qui s&rsquo;est transformé en un mouvement national, en commençant par la prise du métro de Santiago par les étudiants et en terminant par le plébiscite historique qui a ouvert la voie à la rédaction d&rsquo;une nouvelle constitution. Ce film offre une vision immersive de ce processus d&rsquo;un [&hellip;]" />
<meta property="og:url" content="https://www.cinemapolitica.org/fr/film/primera/" />
<meta property="og:site_name" content="Cinema Politica" />
<meta property="article:publisher" content="https://www.facebook.com/cinemapolitica" />
<meta property="article:modified_time" content="2022-11-04T21:14:30+00:00" />
<meta property="og:image" content="https://www.cinemapolitica.org/wp-content/uploads/2022/10/PRIMERAHIGHRESSTILL_15-768x432.png" />
	<meta property="og:image:width" content="768" />
	<meta property="og:image:height" content="432" />
	<meta property="og:image:type" content="image/png" />
<meta name="twitter:card" content="summary_large_image" />
<meta name="twitter:site" content="@CinemaPolitica" />
<script type="application/ld+json" class="yoast-schema-graph">{"@context":"https://schema.org","@graph":[{"@type":"WebPage","@id":"https://www.cinemapolitica.org/fr/film/primera/","url":"https://www.cinemapolitica.org/fr/film/primera/","name":"PRIMERA - Cinema Politica","isPartOf":{"@id":"https://www.cinemapolitica.org/fr/#website"},"primaryImageOfPage":{"@id":"https://www.cinemapolitica.org/fr/film/primera/#primaryimage"},"image":{"@id":"https://www.cinemapolitica.org/fr/film/primera/#primaryimage"},"thumbnailUrl":"https://www.cinemapolitica.org/wp-content/uploads/2022/10/PRIMERAHIGHRESSTILL_15.png","datePublished":"2022-10-08T21:55:37+00:00","dateModified":"2022-11-04T21:14:30+00:00","breadcrumb":{"@id":"https://www.cinemapolitica.org/fr/film/primera/#breadcrumb"},"inLanguage":"fr-CA","potentialAction":[{"@type":"ReadAction","target":["https://www.cinemapolitica.org/fr/film/primera/"]}]},{"@type":"ImageObject","inLanguage":"fr-CA","@id":"https://www.cinemapolitica.org/fr/film/primera/#primaryimage","url":"https://www.cinemapolitica.org/wp-content/uploads/2022/10/PRIMERAHIGHRESSTILL_15.png","contentUrl":"https://www.cinemapolitica.org/wp-content/uploads/2022/10/PRIMERAHIGHRESSTILL_15.png","width":1500,"height":844},{"@type":"BreadcrumbList","@id":"https://www.cinemapolitica.org/fr/film/primera/#breadcrumb","itemListElement":[{"@type":"ListItem","position":1,"name":"Home","item":"https://www.cinemapolitica.org/fr/"},{"@type":"ListItem","position":2,"name":"Films","item":"https://www.cinemapolitica.org/fr/films/"},{"@type":"ListItem","position":3,"name":"PRIMERA"}]},{"@type":"WebSite","@id":"https://www.cinemapolitica.org/fr/#website","url":"https://www.cinemapolitica.org/fr/","name":"Cinema Politica","description":"Screening Truth to Power","publisher":{"@id":"https://www.cinemapolitica.org/fr/#organization"},"potentialAction":[{"@type":"SearchAction","target":{"@type":"EntryPoint","urlTemplate":"https://www.cinemapolitica.org/fr/?s={search_term_string}"},"query-input":{"@type":"PropertyValueSpecification","valueRequired":true,"valueName":"search_term_string"}}],"inLanguage":"fr-CA"},{"@type":"Organization","@id":"https://www.cinemapolitica.org/fr/#organization","name":"Cinema Politica","url":"https://www.cinemapolitica.org/fr/","logo":{"@type":"ImageObject","inLanguage":"fr-CA","@id":"https://www.cinemapolitica.org/fr/#/schema/logo/image/","url":"https://www.cinemapolitica.org/wp-content/uploads/2021/05/cp_web_image.jpeg","contentUrl":"https://www.cinemapolitica.org/wp-content/uploads/2021/05/cp_web_image.jpeg","width":639,"height":385,"caption":"Cinema Politica"},"image":{"@id":"https://www.cinemapolitica.org/fr/#/schema/logo/image/"},"sameAs":["https://www.facebook.com/cinemapolitica","https://x.com/CinemaPolitica","https://www.instagram.com/cinema.politica/","https://www.youtube.com/user/CinemaPolitica"]}]}</script>
<!-- / Yoast SEO plugin. -->

PRIMERA retrace, sur une année, le soulèvement social qui s&rsquo;est transformé en un mouvement national, en commençant par la prise du métro de Santiago par les étudiants et en terminant par le plébiscite historique qui a ouvert la voie à la rédaction d&rsquo;une nouvelle constitution. Ce film offre une vision immersive de ce processus d&rsquo;un [&hellip;]
