{"id":44880,"date":"2024-01-31T12:28:30","date_gmt":"2024-01-31T17:28:30","guid":{"rendered":""},"modified":"2024-06-21T11:41:33","modified_gmt":"2024-06-21T15:41:33","slug":"israelisme-2","status":"publish","type":"film","link":"https:\/\/www.cinemapolitica.org\/fr\/film\/israelisme-2\/","title":{"rendered":"L&rsquo;isra\u00e9lisme"},"content":{"rendered":"\n<p>Deux jeunes juifs am\u00e9ricains &#8211; Simone Zimmerman et Eitan &#8211; sont \u00e9lev\u00e9s dans le but de d\u00e9fendre l&rsquo;\u00c9tat d&rsquo;Isra\u00ebl \u00e0 tout prix. Eitan s&rsquo;engage dans l&rsquo;arm\u00e9e isra\u00e9lienne. Simone soutient Isra\u00ebl sur \u00ab\u00a0l&rsquo;autre champ de bataille\u00a0\u00bb : les campus universitaires am\u00e9ricains. Lorsqu&rsquo;ils assistent de leurs propres yeux \u00e0 l&rsquo;oppression du peuple palestinien par Isra\u00ebl, ils sont horrifi\u00e9s et ont le c\u0153ur bris\u00e9 &#8211; les institutions juives qui les ont \u00e9lev\u00e9s ont non seulement menti, mais ont construit leur identit\u00e9 juive autour de ce mensonge. Ils rejoignent le mouvement des jeunes juifs am\u00e9ricains qui luttent contre la vieille garde au sujet de la place centrale d&rsquo;Isra\u00ebl dans le juda\u00efsme am\u00e9ricain et qui r\u00e9clament la libert\u00e9 pour le peuple palestinien. Leurs histoires r\u00e9v\u00e8lent une fracture g\u00e9n\u00e9rationnelle dans la communaut\u00e9 juive am\u00e9ricaine, car de plus en plus de jeunes juifs remettent en question les r\u00e9cits que leurs synagogues et leurs professeurs d&rsquo;\u00e9cole h\u00e9bra\u00efque leur ont enseign\u00e9s dans leur enfance. <\/p>\n","protected":false},"featured_media":44877,"menu_order":0,"template":"","meta":{"_acf_changed":false,"_oasis_is_in_workflow":0,"_oasis_original":0,"ep_exclude_from_search":false,"footnotes":""},"languages":[],"countries":[1443],"film_categories":[],"master_copies":[],"pricing_grid":[],"press_types":[1303,2134],"class_list":["post-44880","film","type-film","status-publish","has-post-thumbnail","hentry","countries-united-states-fr","press_types-entrevue","press_types-interview-fr"],"acf":[],"yoast_head":"<!-- This site is optimized with the Yoast SEO plugin v27.1.1 - https:\/\/yoast.com\/product\/yoast-seo-wordpress\/ -->\n<title>L&#039;isra\u00e9lisme - Cinema Politica<\/title>\n<meta name=\"robots\" content=\"index, follow, max-snippet:-1, max-image-preview:large, max-video-preview:-1\" \/>\n<link rel=\"canonical\" href=\"https:\/\/www.cinemapolitica.org\/fr\/film\/israelisme-2\/\" \/>\n<meta property=\"og:locale\" content=\"fr_CA\" \/>\n<meta property=\"og:type\" content=\"article\" \/>\n<meta property=\"og:title\" content=\"L&#039;isra\u00e9lisme - Cinema Politica\" \/>\n<meta property=\"og:description\" content=\"Deux jeunes juifs am\u00e9ricains &#8211; Simone Zimmerman et Eitan &#8211; sont \u00e9lev\u00e9s dans le but de d\u00e9fendre l&rsquo;\u00c9tat d&rsquo;Isra\u00ebl \u00e0 tout prix. Eitan s&rsquo;engage dans l&rsquo;arm\u00e9e isra\u00e9lienne. Simone soutient Isra\u00ebl sur \u00ab\u00a0l&rsquo;autre champ de bataille\u00a0\u00bb : les campus universitaires am\u00e9ricains. Lorsqu&rsquo;ils assistent de leurs propres yeux \u00e0 l&rsquo;oppression du peuple palestinien par Isra\u00ebl, ils sont [&hellip;]\" \/>\n<meta property=\"og:url\" content=\"https:\/\/www.cinemapolitica.org\/fr\/film\/israelisme-2\/\" \/>\n<meta property=\"og:site_name\" content=\"Cinema Politica\" \/>\n<meta property=\"article:publisher\" content=\"https:\/\/www.facebook.com\/cinemapolitica\" \/>\n<meta property=\"article:modified_time\" content=\"2024-06-21T15:41:33+00:00\" \/>\n<meta property=\"og:image\" content=\"https:\/\/www.cinemapolitica.org\/wp-content\/uploads\/2024\/01\/SFJFF43-Israelism-Web-01.jpeg\" \/>\n\t<meta property=\"og:image:width\" content=\"1920\" \/>\n\t<meta property=\"og:image:height\" content=\"1080\" \/>\n\t<meta property=\"og:image:type\" content=\"image\/jpeg\" \/>\n<meta name=\"twitter:card\" content=\"summary_large_image\" \/>\n<meta name=\"twitter:site\" content=\"@CinemaPolitica\" \/>\n<meta name=\"twitter:label1\" content=\"Estimation du temps de lecture\" \/>\n\t<meta name=\"twitter:data1\" content=\"1 minute\" \/>\n<script type=\"application\/ld+json\" class=\"yoast-schema-graph\">{\"@context\":\"https:\/\/schema.org\",\"@graph\":[{\"@type\":\"WebPage\",\"@id\":\"https:\/\/www.cinemapolitica.org\/fr\/film\/israelisme-2\/\",\"url\":\"https:\/\/www.cinemapolitica.org\/fr\/film\/israelisme-2\/\",\"name\":\"L'isra\u00e9lisme - Cinema Politica\",\"isPartOf\":{\"@id\":\"https:\/\/www.cinemapolitica.org\/fr\/#website\"},\"primaryImageOfPage\":{\"@id\":\"https:\/\/www.cinemapolitica.org\/fr\/film\/israelisme-2\/#primaryimage\"},\"image\":{\"@id\":\"https:\/\/www.cinemapolitica.org\/fr\/film\/israelisme-2\/#primaryimage\"},\"thumbnailUrl\":\"https:\/\/www.cinemapolitica.org\/wp-content\/uploads\/2024\/01\/SFJFF43-Israelism-Web-01.jpeg\",\"datePublished\":\"2024-01-31T17:28:30+00:00\",\"dateModified\":\"2024-06-21T15:41:33+00:00\",\"breadcrumb\":{\"@id\":\"https:\/\/www.cinemapolitica.org\/fr\/film\/israelisme-2\/#breadcrumb\"},\"inLanguage\":\"fr-CA\",\"potentialAction\":[{\"@type\":\"ReadAction\",\"target\":[\"https:\/\/www.cinemapolitica.org\/fr\/film\/israelisme-2\/\"]}]},{\"@type\":\"ImageObject\",\"inLanguage\":\"fr-CA\",\"@id\":\"https:\/\/www.cinemapolitica.org\/fr\/film\/israelisme-2\/#primaryimage\",\"url\":\"https:\/\/www.cinemapolitica.org\/wp-content\/uploads\/2024\/01\/SFJFF43-Israelism-Web-01.jpeg\",\"contentUrl\":\"https:\/\/www.cinemapolitica.org\/wp-content\/uploads\/2024\/01\/SFJFF43-Israelism-Web-01.jpeg\",\"width\":1920,\"height\":1080},{\"@type\":\"BreadcrumbList\",\"@id\":\"https:\/\/www.cinemapolitica.org\/fr\/film\/israelisme-2\/#breadcrumb\",\"itemListElement\":[{\"@type\":\"ListItem\",\"position\":1,\"name\":\"Home\",\"item\":\"https:\/\/www.cinemapolitica.org\/fr\/\"},{\"@type\":\"ListItem\",\"position\":2,\"name\":\"Films\",\"item\":\"https:\/\/www.cinemapolitica.org\/fr\/films\/\"},{\"@type\":\"ListItem\",\"position\":3,\"name\":\"L&#8217;isra\u00e9lisme\"}]},{\"@type\":\"WebSite\",\"@id\":\"https:\/\/www.cinemapolitica.org\/fr\/#website\",\"url\":\"https:\/\/www.cinemapolitica.org\/fr\/\",\"name\":\"Cinema Politica\",\"description\":\"Screening Truth to Power\",\"publisher\":{\"@id\":\"https:\/\/www.cinemapolitica.org\/fr\/#organization\"},\"potentialAction\":[{\"@type\":\"SearchAction\",\"target\":{\"@type\":\"EntryPoint\",\"urlTemplate\":\"https:\/\/www.cinemapolitica.org\/fr\/?s={search_term_string}\"},\"query-input\":{\"@type\":\"PropertyValueSpecification\",\"valueRequired\":true,\"valueName\":\"search_term_string\"}}],\"inLanguage\":\"fr-CA\"},{\"@type\":\"Organization\",\"@id\":\"https:\/\/www.cinemapolitica.org\/fr\/#organization\",\"name\":\"Cinema Politica\",\"url\":\"https:\/\/www.cinemapolitica.org\/fr\/\",\"logo\":{\"@type\":\"ImageObject\",\"inLanguage\":\"fr-CA\",\"@id\":\"https:\/\/www.cinemapolitica.org\/fr\/#\/schema\/logo\/image\/\",\"url\":\"https:\/\/www.cinemapolitica.org\/wp-content\/uploads\/2021\/05\/cp_web_image.jpeg\",\"contentUrl\":\"https:\/\/www.cinemapolitica.org\/wp-content\/uploads\/2021\/05\/cp_web_image.jpeg\",\"width\":639,\"height\":385,\"caption\":\"Cinema Politica\"},\"image\":{\"@id\":\"https:\/\/www.cinemapolitica.org\/fr\/#\/schema\/logo\/image\/\"},\"sameAs\":[\"https:\/\/www.facebook.com\/cinemapolitica\",\"https:\/\/x.com\/CinemaPolitica\",\"https:\/\/www.instagram.com\/cinema.politica\/\",\"https:\/\/www.youtube.com\/user\/CinemaPolitica\"]}]}<\/script>\n<!-- \/ Yoast SEO plugin. -->","yoast_head_json":{"title":"L'isra\u00e9lisme - Cinema Politica","robots":{"index":"index","follow":"follow","max-snippet":"max-snippet:-1","max-image-preview":"max-image-preview:large","max-video-preview":"max-video-preview:-1"},"canonical":"https:\/\/www.cinemapolitica.org\/fr\/film\/israelisme-2\/","og_locale":"fr_CA","og_type":"article","og_title":"L'isra\u00e9lisme - Cinema Politica","og_description":"Deux jeunes juifs am\u00e9ricains &#8211; Simone Zimmerman et Eitan &#8211; sont \u00e9lev\u00e9s dans le but de d\u00e9fendre l&rsquo;\u00c9tat d&rsquo;Isra\u00ebl \u00e0 tout prix. Eitan s&rsquo;engage dans l&rsquo;arm\u00e9e isra\u00e9lienne. Simone soutient Isra\u00ebl sur \u00ab\u00a0l&rsquo;autre champ de bataille\u00a0\u00bb : les campus universitaires am\u00e9ricains. Lorsqu&rsquo;ils assistent de leurs propres yeux \u00e0 l&rsquo;oppression du peuple palestinien par Isra\u00ebl, ils sont [&hellip;]","og_url":"https:\/\/www.cinemapolitica.org\/fr\/film\/israelisme-2\/","og_site_name":"Cinema Politica","article_publisher":"https:\/\/www.facebook.com\/cinemapolitica","article_modified_time":"2024-06-21T15:41:33+00:00","og_image":[{"width":1920,"height":1080,"url":"https:\/\/www.cinemapolitica.org\/wp-content\/uploads\/2024\/01\/SFJFF43-Israelism-Web-01.jpeg","type":"image\/jpeg"}],"twitter_card":"summary_large_image","twitter_site":"@CinemaPolitica","twitter_misc":{"Estimation du temps de lecture":"1 minute"},"schema":{"@context":"https:\/\/schema.org","@graph":[{"@type":"WebPage","@id":"https:\/\/www.cinemapolitica.org\/fr\/film\/israelisme-2\/","url":"https:\/\/www.cinemapolitica.org\/fr\/film\/israelisme-2\/","name":"L'isra\u00e9lisme - Cinema Politica","isPartOf":{"@id":"https:\/\/www.cinemapolitica.org\/fr\/#website"},"primaryImageOfPage":{"@id":"https:\/\/www.cinemapolitica.org\/fr\/film\/israelisme-2\/#primaryimage"},"image":{"@id":"https:\/\/www.cinemapolitica.org\/fr\/film\/israelisme-2\/#primaryimage"},"thumbnailUrl":"https:\/\/www.cinemapolitica.org\/wp-content\/uploads\/2024\/01\/SFJFF43-Israelism-Web-01.jpeg","datePublished":"2024-01-31T17:28:30+00:00","dateModified":"2024-06-21T15:41:33+00:00","breadcrumb":{"@id":"https:\/\/www.cinemapolitica.org\/fr\/film\/israelisme-2\/#breadcrumb"},"inLanguage":"fr-CA","potentialAction":[{"@type":"ReadAction","target":["https:\/\/www.cinemapolitica.org\/fr\/film\/israelisme-2\/"]}]},{"@type":"ImageObject","inLanguage":"fr-CA","@id":"https:\/\/www.cinemapolitica.org\/fr\/film\/israelisme-2\/#primaryimage","url":"https:\/\/www.cinemapolitica.org\/wp-content\/uploads\/2024\/01\/SFJFF43-Israelism-Web-01.jpeg","contentUrl":"https:\/\/www.cinemapolitica.org\/wp-content\/uploads\/2024\/01\/SFJFF43-Israelism-Web-01.jpeg","width":1920,"height":1080},{"@type":"BreadcrumbList","@id":"https:\/\/www.cinemapolitica.org\/fr\/film\/israelisme-2\/#breadcrumb","itemListElement":[{"@type":"ListItem","position":1,"name":"Home","item":"https:\/\/www.cinemapolitica.org\/fr\/"},{"@type":"ListItem","position":2,"name":"Films","item":"https:\/\/www.cinemapolitica.org\/fr\/films\/"},{"@type":"ListItem","position":3,"name":"L&#8217;isra\u00e9lisme"}]},{"@type":"WebSite","@id":"https:\/\/www.cinemapolitica.org\/fr\/#website","url":"https:\/\/www.cinemapolitica.org\/fr\/","name":"Cinema Politica","description":"Screening Truth to Power","publisher":{"@id":"https:\/\/www.cinemapolitica.org\/fr\/#organization"},"potentialAction":[{"@type":"SearchAction","target":{"@type":"EntryPoint","urlTemplate":"https:\/\/www.cinemapolitica.org\/fr\/?s={search_term_string}"},"query-input":{"@type":"PropertyValueSpecification","valueRequired":true,"valueName":"search_term_string"}}],"inLanguage":"fr-CA"},{"@type":"Organization","@id":"https:\/\/www.cinemapolitica.org\/fr\/#organization","name":"Cinema Politica","url":"https:\/\/www.cinemapolitica.org\/fr\/","logo":{"@type":"ImageObject","inLanguage":"fr-CA","@id":"https:\/\/www.cinemapolitica.org\/fr\/#\/schema\/logo\/image\/","url":"https:\/\/www.cinemapolitica.org\/wp-content\/uploads\/2021\/05\/cp_web_image.jpeg","contentUrl":"https:\/\/www.cinemapolitica.org\/wp-content\/uploads\/2021\/05\/cp_web_image.jpeg","width":639,"height":385,"caption":"Cinema Politica"},"image":{"@id":"https:\/\/www.cinemapolitica.org\/fr\/#\/schema\/logo\/image\/"},"sameAs":["https:\/\/www.facebook.com\/cinemapolitica","https:\/\/x.com\/CinemaPolitica","https:\/\/www.instagram.com\/cinema.politica\/","https:\/\/www.youtube.com\/user\/CinemaPolitica"]}]}},"_links":{"self":[{"href":"https:\/\/www.cinemapolitica.org\/fr\/wp-json\/wp\/v2\/film\/44880","targetHints":{"allow":["GET"]}}],"collection":[{"href":"https:\/\/www.cinemapolitica.org\/fr\/wp-json\/wp\/v2\/film"}],"about":[{"href":"https:\/\/www.cinemapolitica.org\/fr\/wp-json\/wp\/v2\/types\/film"}],"version-history":[{"count":3,"href":"https:\/\/www.cinemapolitica.org\/fr\/wp-json\/wp\/v2\/film\/44880\/revisions"}],"predecessor-version":[{"id":46779,"href":"https:\/\/www.cinemapolitica.org\/fr\/wp-json\/wp\/v2\/film\/44880\/revisions\/46779"}],"wp:featuredmedia":[{"embeddable":true,"href":"https:\/\/www.cinemapolitica.org\/fr\/wp-json\/wp\/v2\/media\/44877"}],"wp:attachment":[{"href":"https:\/\/www.cinemapolitica.org\/fr\/wp-json\/wp\/v2\/media?parent=44880"}],"wp:term":[{"taxonomy":"languages","embeddable":true,"href":"https:\/\/www.cinemapolitica.org\/fr\/wp-json\/wp\/v2\/languages?post=44880"},{"taxonomy":"countries","embeddable":true,"href":"https:\/\/www.cinemapolitica.org\/fr\/wp-json\/wp\/v2\/countries?post=44880"},{"taxonomy":"film_categories","embeddable":true,"href":"https:\/\/www.cinemapolitica.org\/fr\/wp-json\/wp\/v2\/film_categories?post=44880"},{"taxonomy":"master_copies","embeddable":true,"href":"https:\/\/www.cinemapolitica.org\/fr\/wp-json\/wp\/v2\/master_copies?post=44880"},{"taxonomy":"pricing_grid","embeddable":true,"href":"https:\/\/www.cinemapolitica.org\/fr\/wp-json\/wp\/v2\/pricing_grid?post=44880"},{"taxonomy":"press_types","embeddable":true,"href":"https:\/\/www.cinemapolitica.org\/fr\/wp-json\/wp\/v2\/press_types?post=44880"}],"curies":[{"name":"wp","href":"https:\/\/api.w.org\/{rel}","templated":true}]}}

L&rsquo;israélisme

<p>Deux jeunes juifs américains &#8211; Simone Zimmerman et Eitan &#8211; sont élevés dans le but de défendre l&rsquo;État d&rsquo;Israël à tout prix. Eitan s&rsquo;engage dans l&rsquo;armée israélienne. Simone soutient Israël sur « l&rsquo;autre champ de bataille » : les campus universitaires américains. Lorsqu&rsquo;ils assistent de leurs propres yeux à l&rsquo;oppression du peuple palestinien par Israël, ils sont horrifiés et ont le cœur brisé &#8211; les institutions juives qui les ont élevés ont non seulement menti, mais ont construit leur identité juive autour de ce mensonge. Ils rejoignent le mouvement des jeunes juifs américains qui luttent contre la vieille garde au sujet de la place centrale d&rsquo;Israël dans le judaïsme américain et qui réclament la liberté pour le peuple palestinien. Leurs histoires révèlent une fracture générationnelle dans la communauté juive américaine, car de plus en plus de jeunes juifs remettent en question les récits que leurs synagogues et leurs professeurs d&rsquo;école hébraïque leur ont enseignés dans leur enfance. </p>

<!-- This site is optimized with the Yoast SEO plugin v27.1.1 - https://yoast.com/product/yoast-seo-wordpress/ -->
<title>L&#039;israélisme - Cinema Politica</title>
<meta name="robots" content="index, follow, max-snippet:-1, max-image-preview:large, max-video-preview:-1" />
<link rel="canonical" href="https://www.cinemapolitica.org/fr/film/israelisme-2/" />
<meta property="og:locale" content="fr_CA" />
<meta property="og:type" content="article" />
<meta property="og:title" content="L&#039;israélisme - Cinema Politica" />
<meta property="og:description" content="Deux jeunes juifs américains &#8211; Simone Zimmerman et Eitan &#8211; sont élevés dans le but de défendre l&rsquo;État d&rsquo;Israël à tout prix. Eitan s&rsquo;engage dans l&rsquo;armée israélienne. Simone soutient Israël sur « l&rsquo;autre champ de bataille » : les campus universitaires américains. Lorsqu&rsquo;ils assistent de leurs propres yeux à l&rsquo;oppression du peuple palestinien par Israël, ils sont [&hellip;]" />
<meta property="og:url" content="https://www.cinemapolitica.org/fr/film/israelisme-2/" />
<meta property="og:site_name" content="Cinema Politica" />
<meta property="article:publisher" content="https://www.facebook.com/cinemapolitica" />
<meta property="article:modified_time" content="2024-06-21T15:41:33+00:00" />
<meta property="og:image" content="https://www.cinemapolitica.org/wp-content/uploads/2024/01/SFJFF43-Israelism-Web-01.jpeg" />
	<meta property="og:image:width" content="1920" />
	<meta property="og:image:height" content="1080" />
	<meta property="og:image:type" content="image/jpeg" />
<meta name="twitter:card" content="summary_large_image" />
<meta name="twitter:site" content="@CinemaPolitica" />
<meta name="twitter:label1" content="Estimation du temps de lecture" />
	<meta name="twitter:data1" content="1 minute" />
<script type="application/ld+json" class="yoast-schema-graph">{"@context":"https://schema.org","@graph":[{"@type":"WebPage","@id":"https://www.cinemapolitica.org/fr/film/israelisme-2/","url":"https://www.cinemapolitica.org/fr/film/israelisme-2/","name":"L'israélisme - Cinema Politica","isPartOf":{"@id":"https://www.cinemapolitica.org/fr/#website"},"primaryImageOfPage":{"@id":"https://www.cinemapolitica.org/fr/film/israelisme-2/#primaryimage"},"image":{"@id":"https://www.cinemapolitica.org/fr/film/israelisme-2/#primaryimage"},"thumbnailUrl":"https://www.cinemapolitica.org/wp-content/uploads/2024/01/SFJFF43-Israelism-Web-01.jpeg","datePublished":"2024-01-31T17:28:30+00:00","dateModified":"2024-06-21T15:41:33+00:00","breadcrumb":{"@id":"https://www.cinemapolitica.org/fr/film/israelisme-2/#breadcrumb"},"inLanguage":"fr-CA","potentialAction":[{"@type":"ReadAction","target":["https://www.cinemapolitica.org/fr/film/israelisme-2/"]}]},{"@type":"ImageObject","inLanguage":"fr-CA","@id":"https://www.cinemapolitica.org/fr/film/israelisme-2/#primaryimage","url":"https://www.cinemapolitica.org/wp-content/uploads/2024/01/SFJFF43-Israelism-Web-01.jpeg","contentUrl":"https://www.cinemapolitica.org/wp-content/uploads/2024/01/SFJFF43-Israelism-Web-01.jpeg","width":1920,"height":1080},{"@type":"BreadcrumbList","@id":"https://www.cinemapolitica.org/fr/film/israelisme-2/#breadcrumb","itemListElement":[{"@type":"ListItem","position":1,"name":"Home","item":"https://www.cinemapolitica.org/fr/"},{"@type":"ListItem","position":2,"name":"Films","item":"https://www.cinemapolitica.org/fr/films/"},{"@type":"ListItem","position":3,"name":"L&#8217;israélisme"}]},{"@type":"WebSite","@id":"https://www.cinemapolitica.org/fr/#website","url":"https://www.cinemapolitica.org/fr/","name":"Cinema Politica","description":"Screening Truth to Power","publisher":{"@id":"https://www.cinemapolitica.org/fr/#organization"},"potentialAction":[{"@type":"SearchAction","target":{"@type":"EntryPoint","urlTemplate":"https://www.cinemapolitica.org/fr/?s={search_term_string}"},"query-input":{"@type":"PropertyValueSpecification","valueRequired":true,"valueName":"search_term_string"}}],"inLanguage":"fr-CA"},{"@type":"Organization","@id":"https://www.cinemapolitica.org/fr/#organization","name":"Cinema Politica","url":"https://www.cinemapolitica.org/fr/","logo":{"@type":"ImageObject","inLanguage":"fr-CA","@id":"https://www.cinemapolitica.org/fr/#/schema/logo/image/","url":"https://www.cinemapolitica.org/wp-content/uploads/2021/05/cp_web_image.jpeg","contentUrl":"https://www.cinemapolitica.org/wp-content/uploads/2021/05/cp_web_image.jpeg","width":639,"height":385,"caption":"Cinema Politica"},"image":{"@id":"https://www.cinemapolitica.org/fr/#/schema/logo/image/"},"sameAs":["https://www.facebook.com/cinemapolitica","https://x.com/CinemaPolitica","https://www.instagram.com/cinema.politica/","https://www.youtube.com/user/CinemaPolitica"]}]}</script>
<!-- / Yoast SEO plugin. -->

L'israélisme - Cinema Politica

Deux jeunes juifs américains &#8211; Simone Zimmerman et Eitan &#8211; sont élevés dans le but de défendre l&rsquo;État d&rsquo;Israël à tout prix. Eitan s&rsquo;engage dans l&rsquo;armée israélienne. Simone soutient Israël sur « l&rsquo;autre champ de bataille » : les campus universitaires américains. Lorsqu&rsquo;ils assistent de leurs propres yeux à l&rsquo;oppression du peuple palestinien par Israël, ils sont [&hellip;]

L&#8217;israélisme
